 s(n) = -n + 12. Determine s(a).
4
Let d(s) = -s**3 + 4*s**2 + s. Let y = -13 - -15. Give d(y).
10
Let o = -5 - -7. Suppose -o*d + 2 = -4. Let s(h) = h**3 - 2*h**2 - 1. What is s(d)?
8
Let r(i) = 16*i**2 - 15*i**2 + 4*i**3 - 4 + 4. Let u = 0 - -1. Calculate r(u).
5
Let w(b) = -18*b + 3. Let n(c) = 54*c - 9. Let l(v) = 3*n(v) + 8*w(v). What is l(2)?
33
Let r(s) = s + 12. Let c(y) = y + 12. Let b(h) = 3*c(h) - 2*r(h). Let f(l) = -6*l + 1. Let q be f(1). Give b(q).
7
Suppose 7*s - 10 = 2*s. Let a(n) = 0 + 5*n**2 + 2*n - 3 - 2*n**s. Let r(t) = t**2 + t. Let y(f) = -a(f) + 2*r(f). What is y(3)?
-6
Let a = 13 - 13. Suppose -3*t + t = a. Let m(r) = 7*r + 27. Let n(c) = -4*c - 14. Let k(u) = -3*m(u) - 5*n(u). What is k(t)?
-11
Suppose -3*u = -3*h - 4*u + 10, -26 = -5*h - 4*u. Let y(o) = 2*o + 2 - 3*o - h*o. Calculate y(-2).
8
Let u(g) be the first derivative of g**2 - 2*g - 243. Let q(i) = i**2 + 4*i + 2. Let f be q(-2). Give u(f).
-6
Let i(y) = -y + 9. Let u(r) = r**2 - 11*r + 9. Let d be u(11). Give i(d).
0
Let x(m) = m - 5. Suppose 2*f - 2 - 4 = 0. Let h be x(f). Let d(o) = -o**3 - o**2 + 4*o + 3. What is d(h)?
-1
Let z(j) = 3*j**3 - 3*j**2 + j - 2. Let g(r) = r + 7. Suppose 5*m = 5*w - 30, 4*m = -3*w + w + 6. Suppose w = -q - 0. Let y be g(q). Calculate z(y).
12
Suppose -j - 2 = -v - 0*j, -4*j - 14 = -5*v. Let c(d) = d**2 - 10*d + 8. Calculate c(v).
-16
Let a be 21/12 - (-2)/(-4). Let p(h) be the first derivative of 0*h**2 + h + 0*h**3 + 3 + a*h**4. Give p(-1).
-4
Let g(s) = 4 - s + 2*s - 4*s - 2*s - s**2. What is g(-6)?
-2
Let l(a) = a**3 + 3*a**2 - 3*a - 3. Let n(c) = -3*c**3 + c**2 - c + 1. Suppose 5 = 7*y - 2*y. Let j be n(y). Determine l(j).
7
Let v(s) = -s**2 + 6*s - 6. Let f(d) = -d + 3. Let w be f(3). Let c be 1*(2 + w) + -5. Let k be (-26)/(-6) - (-1)/c. Calculate v(k).
2
Let i(z) = -3*z**2 - z + 1. Let x be i(-2). Let o = -5 - x. Suppose -3*s + 2 + 11 = o*j, 2 = 2*j. Let f(k) = -k**3 + 2*k**2 + 2. Calculate f(s).
-7
Let p(s) = -s**3 - s**2 + 23. Let b be 48/64 + (-3)/4. Give p(b).
23
Let p(u) = -u - 1. Suppose 5*i = -5*v - 230, -246 = -v + 6*v + i. Let d be v/(-18) + 4/18. Let x = d - -1. What is p(x)?
-5
Let z(p) be the first derivative of -4*p + 5/2*p**2 + 1/3*p**3 + 8. What is z(-6)?
2
Suppose u = -3 - 0. Let n = -2 + 4. Let s(z) = n*z - 4*z + z. Give s(u).
3
Let t(r) = 34*r - 3. Let q(l) = -23*l + 2. Let k(j) = -7*q(j) - 5*t(j). What is k(-1)?
10
Let o(c) be the second derivative of c**5/20 - c**4/2 + c**3/2 + 2*c**2 - 3*c. Let n = 4 + -4. Suppose 0 = -z - n*z + 5. Determine o(z).
-6
Let h(j) = -4*j. Let m(w) = -7*w + 1. Let c(o) = -5*h(o) + 3*m(o). What is c(-3)?
6
Let x be 2/2 - 2 - -1. Suppose 0 = -2*k - x*k. Let u(t) = -t**3 + t**2 - 4. Calculate u(k).
-4
Let g(f) = -20*f - 21*f + 4 + 43*f. Calculate g(-4).
-4
Suppose 28 = -5*a + a. Let r(m) = -10*m**2 + 16*m + 3. Let f(d) = 7*d**2 - 11*d - 2. Let s(y) = a*f(y) - 5*r(y). Determine s(3).
-1
Let y(w) = -w**3 + 8*w**2 - 6*w - 3. Let r be y(7). Let q(o) = -1 + 1 + r - 3*o. Let k be (6/4)/(6/16). Give q(k).
-8
Let w(f) = 3 + 2*f + 4*f + 16. Let n(u) = u + 4. Let b(t) = -11*n(t) + 2*w(t). Suppose 2*x + 4*i - 2 = 0, -4*i - 4 = 4. Give b(x).
-1
Let f(t) be the first derivative of 2 - 3*t + 2*t**2 + 1/3*t**3. Suppose 3*s + 2*s + 20 = 0. Give f(s).
-3
Let k(y) = y + 3. Let z(q) = q**3. Let g(u) = 7*u**3 - 4*u**2 - 6*u + 1. Let r(m) = g(m) - 6*z(m). Let b be r(5). Let h be ((-18)/12)/((-2)/b). Give k(h).
0
Let a = 3 - 5. Let t = 7 + -5. Let n(w) = 2 + 4*w + 0*w - t*w. Determine n(a).
-2
Let j = 15 + -14. Let r(h) = 7 + 0*h - j + h. Give r(-6).
0
Let c(d) = d**2 - 7*d + 9. Suppose 0 = i - 2*n - 12, i + 3*i + 5*n - 9 = 0. Let b be c(i). Let w = b - 1. Let y(p) = -p**3 + p**2 + p - 2. Give y(w).
-4
Let g = 5 + -2. Let b = -1 - g. Let o(k) = -3*k**2 - 11*k + 1. Let u(j) = -j**2 - 4*j. Let i(p) = -3*o(p) + 8*u(p). What is i(b)?
9
Let q = -9 + 7. Let v(j) = -3 - 3*j**2 + 0 + 0 - 4*j - 2*j**3. Determine v(q).
9
Let n(c) = -c**2 - 12*c - 18. Let f be n(-9). Suppose -3*q - 7*g + 3 = -2*g, 0 = 2*q + g - f. Let h(r) = -r**3 + 7*r**2 - 7*r + 5. Calculate h(q).
-1
Let o be (-24)/(-4)*2/4. Let f(j) = 2*j - 3. Determine f(o).
3
Let r be 16/(-6) + 26/39. Let m(c) = -2*c**3 - 2*c**2 - c - 2. Calculate m(r).
8
Let y(w) = -w**2 + 3*w + 4. Let a(u) = -6*u**3 - 10*u**2 + 8*u + 6. Let b(x) = x**3 + x**2 - x + 1. Let d(g) = -a(g) - 5*b(g). Let k be d(-5). Determine y(k).
0
Let w(n) = n**2 - 2. Suppose 6 = 5*c - 14. Give w(c).
14
Let l(z) be the first derivative of 9*z**2/2 - 11*z - 2. Let f(r) = 4*r - 5. Let d(j) = -13*f(j) + 6*l(j). Determine d(-2).
-5
Let l(w) = w**3 + 2*w**2 - w - 1. Let n = -14 + 9. Let f be -2 - (3 + n + 2). Determine l(f).
1
Let d(i) = -i + i - 2*i + 10 + 1. Let x(n) = 1. Let v(t) = d(t) - 5*x(t). Calculate v(5).
-4
Let j(o) = 4*o**2 - 4*o + 4*o - o - 2 - 2*o**2. Calculate j(2).
4
Suppose 1 = f + a + 2, -22 = 2*f - 3*a. Let x(c) = c + 1. Calculate x(f).
-4
Let o(c) = -c**2 + 2*c + 3. Suppose 4*a - 2*a = 10. Let z be 2/3*(-21)/(-2). Suppose 4*s + 5*t + 13 = 0, -z = -a*s + t + 13. What is o(s)?
0
Let j = 9 + -9. Suppose 5*g + 3*t - 13 = j, 2*t - 8 = -4*g + 2. Let w(q) be the second derivative of q**4/12 - q**3/2 + q**2 - q. What is w(g)?
0
Suppose 2*q + 2*q = 12. Let c(s) be the first derivative of s**3/3 + s**2 - 4*s + 2. Determine c(q).
11
Let k be 4 - (2 + (8 - 3)). Let c = 0 + k. Let x(u) = u**3 + 3*u**2 + 2*u + 3. Determine x(c).
-3
Let i = 6 - 5. Let b(p) be the first derivative of 0*p**2 - p + 1/3*p**3 - 1 + 1/4*p**4. Give b(i).
1
Let p(h) be the first derivative of -3*h**4/2 + h**2/2 - 1. What is p(1)?
-5
Let i(h) = -5*h + 5*h + 7*h**2 + 1 - 9*h. Let o(b) = 4*b**2 - 5*b + 1. Let g(m) = -3*i(m) + 5*o(m). Suppose 7*w = 2*w - 10. Calculate g(w).
-6
Let u(f) = f - 2. Let v(q) = -7*q - q**2 - 8*q - 9 + 6*q. Let z be v(-6). Suppose 4*j = 2*y + 8, 3*y = j + 4*j - z. Calculate u(j).
1
Suppose 6*r - 3*r + 2*h + 16 = 0, -4*h = -5*r - 12. Let s(d) = -d - 2. Give s(r).
2
Let w(p) be the second derivative of -1/12*p**4 - 1/6*p**3 + 0 - p - 1/2*p**2. Let q be (3 + 0)*1/(-3). Determine w(q).
-1
Suppose 4*k = 2*t + k + 2, 3*t = -5*k - 41. Let l(w) = -w**3 - 7*w**2 + 2*w - 6. Determine l(t).
-20
Let s = 3 - 3. Let c be 3 + (-3)/(-6)*2. Let q(v) = -v - 3 - c - v**2 + 4 - 4. Determine q(s).
-7
Let a(f) = -f + 3*f - 4*f + 4. Suppose -2*b - 5 = 3*u, -2*b + 4 = -3*u - 9. Suppose -5*h = -2*l - 17, -b*h = 2*l - 12 - 6. Give a(h).
-6
Let i(p) = -9*p**2 + p - 5. Let q(d) = 8*d**2 - 2*d + 4. Let l(t) = -3*i(t) - 4*q(t). Let u(r) = -2*r**2 + 2*r - 1. Let f(b) = 3*l(b) - 7*u(b). Determine f(0).
4
Let q be (2/(-3))/(5/30). Let l(g) = g**2 + 5*g. Give l(q).
-4
Let s = 15 - 15. Let m(n) = s*n**2 + 2*n**2 - n - 10 + 8. Let r be (-15)/(-6) + 1/(-2). Determine m(r).
4
Let h = 5 + -3. Let w(q) = 7*q**2 - 5*q + 5*q**2 + 5*q**h - 16*q**2 + 5. Give w(4).
1
Suppose 2*v = 9 - 1. Let g(o) = -10 - 4*o + v*o + o. Let p be (-1 - 0)*(-2 + 2). Calculate g(p).
-10
Let w(y) = -11*y**2 - 13*y - 21. Let k(c) = -7*c**2 - 9*c - 14. Let o(l) = -8*k(l) + 5*w(l). Let s(r) = -r**2 - 7*r - 6. Let b be s(-7). Determine o(b).
1
Suppose 3*o + 2*l = 13, -2*o + 4*l = -6*o + 12. Suppose -5 = 5*n, o = -3*t + n + 4*n. Let x(u) = u**2 + u - 5. What is x(t)?
7
Let z(f) be the first derivative of f**5/30 - f**4/8 + f**3/3 + f**2 + 1. Let r(c) be the second derivative of z(c). Let j = 2 + 0. Determine r(j).
4
Let j(u) = u**3 - 3*u**2 + u - 1. Let x(b) = -b**3 - 4*b**2 + 2*b + 1. Let z be x(-4). Let h(c) = -2*c**2 + 4 + 8*c + 3*c**2 + 5. Let q be h(z). What is j(q)?
-3
Let u = -2 - -6. Let z(b) = 2*b - 3*b - 1 - u*b + 4*b. Determine z(4).
-5
Let t(g) = g**3 - 5*g**2 + 5*g - 5. Suppose -25 - 15 = -10*l. What is t(l)?
-1
Let f(n) = n**3 + 7*n**2 + 6*n + 1. Let j be 0*(-2 - (2 - 3)). Let o(g) = -g - 6. Let v be o(j). Calculate f(v).
1
Let v(s) = -2*s. Let l(y) = -3*y**2 - 2*y + 5. Let b(h) = -h**2 - h + 2. Let a(k) = -17*b(k) + 6*l(k). Let r be a(3). Give v(r).
-4
Let t(q) = -q**3 - 5*q**2 + 6*q - 8. Let l be 66/(-12) - (0 + -2)/(-4). Determine t(l).
-8
Let b(l) = -6*l**3 - 11*l - 16. Let v(g) = -g**3 - 2*g - 3. Let t = -15 + 17. Let m(k) = t*b(k) - 11*v(k). What is m(-1)?
2
Let p(r) = 0*r + r + r. Suppose 4*n - 12 = -0. Let x = n - 7. What is p(x)?
-8